te number?
False
Is 11027 composite?
False
Is 367879 composite?
False
Is 96623 a composite number?
True
Is 1781 a composite number?
True
Is 1915721 prime?
True
Is 124861 prime?
False
Is 21377 a prime number?
True
Is 9011 composite?
False
Is 8101 composite?
False
Is 56681 a composite number?
False
Is 22183 prime?
False
Is 610585 prime?
False
Is 1274183 a prime number?
True
Is 63815 composite?
True
Is 2569 a composite number?
True
Is 68857 a prime number?
False
Is 5114 a composite number?
True
Is 2769073 prime?
True
Is 5723 composite?
True
Is 21247 a composite number?
False
Is 276649 a prime number?
False
Is 2417 a prime number?
True
Is 874421 a composite number?
True
Is 15121 composite?
False
Is 17273 a composite number?
True
Is 10363 prime?
False
Is 5089 a composite number?
True
Is 13979 a prime number?
False
Is 2951 prime?
False
Is 1399 prime?
True
Is 163363 a composite number?
False
Is 9791 composite?
False
Is 97 composite?
False
Is 5617 a composite number?
True
Is 140615 prime?
False
Is 1571 composite?
False
Is 39257 a prime number?
False
Is 44683 composite?
False
Is 96001 composite?
False
Is 105403 a composite number?
True
Is 28761 composite?
True
Is 734 a composite number?
True
Is 168109 prime?
True
Is 3442 composite?
True
Is 6239 a composite number?
True
Is 2413 composite?
True
Is 161209 prime?
False
Is 303267 a prime number?
False
Is 363507 a composite number?
True
Is 493 a prime number?
False
Is 521209 a composite number?
True
Is 662 a prime number?
False
Is 86689 composite?
False
Is 252079 composite?
False
Is 6457 composite?
True
Is 1500067 prime?
False
Is 521 a prime number?
True
Is 33827 a composite number?
False
Is 667 a prime number?
False
Is 90109 a prime number?
False
Is 11197 prime?
True
Is 60877 a prime number?
False
Is 153977 composite?
True
Is 14699 composite?
False
Is 15859 a prime number?
True
Is 2407 a prime number?
False
Is 91345 a prime number?
False
Is 5305 prime?
False
Is 9853 a prime number?
False
Is 61865 composite?
True
Is 243113 a prime number?
False
Is 245383 composite?
False
Is 43391 composite?
False
Is 160327 a composite number?
True
Is 173801 a composite number?
True
Is 323273 prime?
True
Is 17923 a prime number?
True
Is 380179 prime?
True
Is 111721 prime?
True
Is 12097 a composite number?
False
Is 85841 a composite number?
True
Is 678173 a composite number?
True
Is 1031 composite?
False
Is 17769 a prime number?
False
Is 12323 composite?
False
Is 122063 composite?
True
Is 15937 a prime number?
True
Is 2032871 a composite number?
True
Is 230129 a composite number?
True
Is 1393 composite?
True
Is 13171 a composite number?
False
Is 680234 prime?
False
Is 44909 a prime number?
True
Is 240853 prime?
True
Is 59863 prime?
True
Is 572937 a prime number?
False
Is 54037 composite?
False
Is 353291 a composite number?
True
Is 1401349 a prime number?
True
Is 207134 composite?
True
Is 379493 composite?
True
Is 10154 composite?
True
Is 439 prime?
True
Is 24559 a prime number?
False
Is 31043 a composite number?
True
Is 53561 composite?
True
Is 335249 a composite number?
False
Is 381869 prime?
False
Is 384143 a prime number?
True
Is 450703 composite?
True
Is 10453 composite?
False
Is 122963 prime?
True
Is 16085 prime?
False
Is 10371 prime?
False
Is 6779 a composite number?
False
Is 291391 a prime number?
False
Is 360487 prime?
False
Is 3967 a composite number?
False
Is 66587 composite?
False
Is 1814 a prime number?
False
Is 31583 prime?
True
Is 61973 composite?
True
Is 566201 a composite number?
False
Is 24431 a composite number?
True
Is 183273 prime?
False
Is 18041 composite?
False
Is 3593 composite?
False
Is 12985223 a composite number?
False
Is 92117 a prime number?
False
Is 419329 a prime number?
True
Is 14453 a composite number?
True
Is 28023 composite?
True
Is 45949 prime?
True
Is 35813 a composite number?
True
Is 35021 prime?
False
Is 9007 a prime number?
True
Is 3506 prime?
False
Is 43751 a prime number?
False
Is 162473 a prime number?
True
Is 3739 a composite number?
False
Is 65479 a composite number?
False
Is 7831 a prime number?
False
Is 9983 a composite number?
True
Is 130303 composite?
False
Is 87499 prime?
False
Is 77587 a composite number?
False
Is 14503 a composite number?
False
Is 113567 composite?
False
Is 14995 a composite number?
True
Is 73147 a composite number?
True
Is 689167 composite?
False
Is 64401 a prime number?
False
Is 3505 a prime number?
False
Is 10942 a prime number?
False
Is 40141 a composite number?
True
Is 1181615 a composite number?
True
Is 38219 composite?
False
Is 715123 composite?
False
Is 27659 prime?
False
Is 446179 a composite number?
False
Is 810763 prime?
True
Is 205339 composite?
False
Is 41579 a prime number?
True
Is 11359 prime?
False
Is 25859 prime?
False
Is 27201 a composite number?
True
Is 47665 prime?
False
Is 48731 a composite number?
False
Is 71663 prime?
True
Is 58477 composite?
False
Is 55987 a composite number?
False
Is 139 composite?
False
Is 1313351 a composite number?
True
Is 1981 composite?
True
Is 23151 a prime number?
False
Is 103001 a prime number?
True
Is 2660107 a composite number?
False
Is 2743 a prime number?
False
Is 6217 a composite number?
False
Is 2496854 a prime number?
False
Is 211 a composite number?
False
Is 31523 composite?
True
Is 45491 prime?
True
Is 7909 composite?
True
Is 3349 a prime number?
False
Is 21363 prime?
False
Is 252431 a composite number?
False
Is 3313 prime?
True
Is 211703 composite?
True
Is 30529 prime?
True
Is 125065 composite?
True
Is 8491 composite?
True
Is 1230931 composite?
True
Is 671907 a composite number?
True
Is 448237 a prime number?
False
Is 574737 a composite number?
True
Is 38993 a composite number?
False
Is 577721 a composite number?
False
Is 155786 composite?
True
Is 10577 a prime number?
False
Is 1283981 a composite number?
False
Is 18013 prime?
True
Is 13963 a composite number?
False
Is 3611 a composite number?
True
Is 2300747 a prime number?
True
Is 17047 prime?
True
Is 97073 a prime number?
True
Is 146359 a prime number?
True
Is 19457 a prime number?
True
Is 1652119 a composite number?
True
Is 166457 a composite number?
False
Is 217135 composite?
True
Is 190439 prime?
False
Is 1847 a composite number?
False
Is 953261 a composite number?
False
Is 15547 a composite number?
True
Is 19267 a composite number?
False
Is 9707 a prime number?
False
Is 535 prime?
False
Is 10519 composite?
True
Is 52201 a composite number?
False
Is 605849 a prime number?
True
Is 11386 prime?
False
Is 41381 composite?
False
Is 117983 composite?
True
Is 791 prime?
False
Is 848301 a prime number?
False
Is 6686281 composite?
True
Is 4135 composite?
True
Is 13106 prime?
False
Is 34793 composite?
True
Is 312497 a prime number?
False
Is 192243 composite?
True
Is 50017 a composite number?
True
Is 4111 a prime number?
True
Is 1298699 prime?
True
Is 10261 a composite number?
True
Is 5297 a prime number?
True
Is 366545 prime?
False
Is 18021 prime?
False
Is 14719 a prime number?
False
Is 83383 prime?
True
Is 177379 a composite number?
False
Is 298021 a composite number?
False
Is 19267 composite?
False
Is 63677 a prime number?
False
Is 59611 a prime number?
True
Is 569587 a prime number?
False
Is 1908185 prime?
False
Is 56371 a composite number?
True
Is 875429 a composite number?
False
Is 361409 a composite number?
False
Is 101051 prime?
True
Is 20573 composite?
True
Is 116711 composite?
True
Is 10559 prime?
True
Is 289789 composite?
False
Is 19031 composite?
False
Is 4001 prime?
True
Is 466103 composite?
True
Is 93829 prime?
False
Is 32449 a composite number?
True
Is 135553 composite?
True
Is 55291 a composite number?
False
Is 657827 composite?
False
Is 32639 a composite number?
True
Is 1097 a composite number?
False
Is 1361 a composite number?
False
Is 62819 prime?
True
Is 25642 a prime number?
False
Is 274637 prime?
False
Is 1143199 a prime number?
False
Is 2863 a prime number?
False
Is 258079 a prime number?
False
Is 2503 a prime number?
True
Is 42109 a composite number?
True
Is 37691 a prime number?
True
Is 7069 a composite number?
False
Is 605719 prime?
True
Is 4377 a composite number?
True
Is 138179 a prime number?
True
Is 3869 a composite number?
True
Is 867661 composite?
True
Is 31379 composite?
False
Is 113753 composite?
True
Is 547571 prime?